 -5)).
52
-2 + 2 - -69 - (8 + -21 + 7 + 16)
59
What is the value of (-35 - -39) + -5 + 6 + 22?
27
What is the value of (26 - 3) + -38 - (-1 + 1 - 10 - -5)?
-10
What is the value of (-14 - 1) + (30 - (-16 - -22)) + -68?
-59
Evaluate -14 + (-16 - (1 - 20)) - (-9 + 0).
-2
Calculate -108 + 134 - (-5 + -19 + 4 - -4).
42
What is -1 + 2 + (-32 + (-13 - -30) - 42)?
-56
What is (160 + -177 - -2) + (13 - (1 + -1))?
-2
Evaluate 272 - (442 - 189) - (10 - 2).
11
Evaluate (13 - (25 + -7) - -10 - 21) + (-116 - 2).
-134
Calculate 154 + 66 + -7 + -147.
66
Evaluate 101 + -15 + (-45 - 38).
3
-29 - (-23 + (1 - -44))
-51
Calculate -9 + ((-4 - (3 - 9)) + 3 - (460 + -408)).
-56
Calculate 2 - (-8 + -3) - (1259 - 1249).
3
What is the value of -2 - -4 - (-21 + 47 + -16 - 31)?
23
What is 10 - ((-28 - -30 - (-6 - -8 - -6)) + 8)?
8
-6 + (-158 - -73) + 58
-33
Calculate 119 + -102 + 126 + -66.
77
Calculate -3 - (-28 - -13) - (0 - 16) - -4.
32
Calculate -24 + (33 - 1) + (1 - -2) + -74.
-63
Calculate 1 + (-1 - -10) - (-28 - (-12 + -8 - 25)).
-7
-1 + (28 - (-36 - -49))
14
17 + 24 - 68 - -64
37
Evaluate -28 - (-16 - 37) - (6 + 5).
14
Evaluate -14 + 46 - (-9 - 15) - -17.
73
Calculate -21 - -41 - (-1 - -13) - (-14 + -5).
27
What is (23 + -11 - 142) + 4 - (-11 + 2)?
-117
What is the value of -3 - -1 - (-142 + 5 - -25)?
110
Evaluate -63 + -234 + 239 + (7 + 2 - 0 - 2).
-51
What is (-9 - -1) + (-4 - -4) + 13 + -42 + -14?
-51
(-8 - 77) + 95 - (28 + 3)
-21
Calculate 642 + -616 + -46 + 1.
-19
Calculate (7 + -1 - (14 + -13 + 9 - 8)) + -2.
2
What is the value of 104 - (10 - 2 - ((-44 - -25) + 31 - 5))?
103
What is 1 + (0 - -5 - -17) + -4 - 0?
19
What is the value of 65 + 50 + 27 + -98?
44
Calculate (0 + -2 - 13) + 3 + (-944 - -956) + 118.
118
What is the value of -11 + (44 + -22 - (-1 - 3))?
15
Evaluate (-2 + 44 - (-4315 + 4370)) + (-88 - (-1 + -1)).
-99
Calculate -48 + 2 - (-173 + 173 + -6).
-40
-14 - (-78 + (-22 + -7 - -13))
80
What is the value of -10 + 8 + (-90 - -98) + (26 - 0)?
32
What is the value of (21 - 0) + (-68 - -26) + -21?
-42
What is the value of 0 - 77 - (-2590 - -2533)?
-20
26 + (10 + -4 - 16) + (-1 - 6) + 33
42
What is -8 + ((6 - -7 - 4) + 28 - 9)?
20
What is -16 + -37 + (15 + 30 - 2)?
-10
115 - (-1 + 15) - ((-3 - -7) + 16)
81
What is the value of 3 - (15 + -27 + 6) - (100 + (2 - -5))?
-98
What is the value of (162 - 156 - (18 - 0)) + 19 + -12?
-5
Calculate -15 + 127 - (-23 + -42 + 65).
112
-49 - (21 - (34 + -15) - 20)
-31
What is the value of -61 + 63 - 75 - -98?
25
What is 24 + -10 + (0 - -61) + -25?
50
What is 11 + -7 + -1 - (-2 - 26) - 12?
19
What is 12 - (2 - 1 - ((-36 - -49) + -67))?
-43
(31 - 22) + -21 + -1
-13
-20 + (-25 - (-85 - -53))
-13
What is the value of -843 + 817 + (22 + 0 - -4)?
0
What is 3 + -1 + (0 - -1) + -16597 + 16600 + -2?
4
What is (24 + -14 - 111 - (-46 + 31)) + (-3 - 12)?
-101
25 + -32 + 7 + 0 + (6 - 77)
-71
-36 - (29 + -99 - -24) - -84
94
(-130 - (-115 - -51)) + (-6 - (3 - (2 - -4)))
-69
(12 - 23) + 38 + 19 + -30
16
Calculate -7 + (17 - -2) - (-25 + 3 - (-200 - -191)).
25
What is the value of -36 + 2 + 2 - (-8 + (-18 - (-7 - 21)))?
-34
What is 233 + -225 + (3 - -5 - (64 + -33))?
-15
What is the value of -44 + 4 - -21 - (5 - -1) - (26 - 19)?
-32
What is the value of 27 - -3 - (-3 + 3 + (-33 - -46))?
17
Evaluate 56 + -2 - ((0 - -1) + 0 + 2).
51
-29 - (39 + -35 + 3)
-36
(-3 + 8 - 3) + -20 - (1540 + -1538)
-20
What is the value of -7 - (-3 + (7 - -2) - (-96 + 106)) - -10?
7
What is 4 + -53 + -405 + 445?
-9
What is (-97 - (40 + -7)) + 36 - -29?
-65
Calculate 14 - 20 - (10 + -2) - (-16 + -5 + 29).
-22
What is (-22 - (41 - 2)) + 12?
-49
195 + -174 - (-3 + 20 + (1 - 5))
8
What is 198 + -274 + (18 - 12 - 35)?
-105
Calculate (19 + -7 - (16 + -1)) + (4 + -3 - 40).
-42
What is the value of 16 - (-7 - -2) - (214 + -205)?
12
Calculate -26 - (-5 + (25 - 37) + 66).
-75
-56 - (-25 - (6 + -8 + -7) - -7)
-47
(-20 - -25 - 30 - -31) + 2 + 123
131
Evaluate -13 - (-24 - (33 + 8 - -18)).
70
Evaluate -98 + 28 + (5 + 2 - 2).
-65
Calculate 176 + -239 - (27 + -18).
-72
Calculate 154 - 157 - ((10 - 2) + -11).
0
What is (-44 + 20 - -39) + -36?
-21
Evaluate 2 - (-55 + (21 - (1 - (1 - -5 - 15)))).
46
What is the value of (1 - -36) + (29 + -10 + -15 - 8) - -10?
43
(676 - 667) + (-1 - 0) + 10 + 7
25
What is the value of 1 - -35 - ((-24 + -4 - -22) + 0)?
42
53 + (3 - 8) - (8 + -5)
45
Calculate 44 + (-184 - (22 + -197)) + (5 - (0 - 0)).
40
Calculate 27 + (9 - 50) - -7.
-7
(-7 - 0) + (361 - 213) + -48 + 3
96
-52 + 88 - 36 - (-1 + 2 + -1 - 64)
64
What is 13 + -9 + -13 + -9 + 19 + 3?
4
What is the value of -12 - (-1 - 3) - (-1 + -15 - (-102 - -92))?
-2
What is the value of 30 + 1 + ((22 - 13 - 16) + 10 - 10)?
24
99 - ((15 - (-10 + (30 - 9))) + 6 + -4)
93
Calculate (3 + -25 + 1 - (3 + -16)) + 18.
10
Calculate -60 - -19 - -59 - -1.
19
26 + -1 + (14 + (-5 - -19) - (10 + 3))
40
(146 - 52) + 48 - 83
59
What is -2 + (-2 - -46) + 9 + -29 + 26?
48
Calculate -13 - (-32 + 16 + 64).
-61
Calculate (-8 + -1 - (563 + -570)) + (-2 - (-2 + -1)).
-1
What is the value of 14 + (-10 - (-3 + -43 - -18))?
32
Calculate -85 + -50 + 75 + (-2 - 15).
-77
What is the value of (-277 - -283 - (1 + 6)) + 1 + -2?
-2
Calculate -53 + (-37 - (-68 - 10)) + 46.
34
(-1 - -4) + (-1 - 1) - 3 - (-9334 + 9272)
60
Calculate 4 - (-73 + 36 - -54).
-13
Evaluate 79 + -28 + -3 + 21 + 19 + -6.
82
Evaluate 37 + (1 - 4) + 7 - (-12 + (-22 - -28)).
47
What is 18 + (-4 + 32 - (-47 - -107))?
-14
Evaluate -53 - (-168 - 8) - 34.
89
-10 - (-11 + 22 + (27 - 16))
-32
-4677 + 4550 - (-70 + -3)
-54
What is -7 + 15 + (-20 - -2 - 11)?
-21
What is -46 + -12 + (1 - 1 - (-4 - 33 - -28))?
-49
Evaluate 10 + -191 + (123 - 23).
-81
15187 - 15215 - ((0 + 1 - (4 - 1)) + 10)
-36
Evaluate -74 + ((-174 - -153) + (1 - -9) + 17 - 6).
-74
Calculate 1 + -44 - (-1094 - -1089).
-38
What is (2 - 6) + (260 - 257) - -61?
60
Calculate 3 + -56 + 97 + -35.
9
What is 9 + (1 - 6) - (316 - 224)?
-88
What is the value of (73 - (35 - -48)) + -15 + 1 + 6?
-18
What is the value of (88 - 209) + (2 - -2) + -8 + 4 + -2?
-123
What is the value of -18 + (21 - 10) - (-12 - -34)?
-29
(6 + -1 - -7) + (0 - 4)
8
41 + -30 + 16 + -50
-23
Evaluate (43 + 117 - 16) + -46 + (0 - 1) + 3.
100
(1 - (-7 - -1)) + (-47489 - -47517)
35
What is the value of 3 + (-21 - -9 - -5 - (-24 + 13))?
7
Evaluate (-1 - -5) + -30 + -100 + 78.
-48
-123 - (-5 + -1 + 376 + -418)
-75
Evaluate -12 + -2 + -7 + (24 - 2 - 34) + 59.
26
What is the value of -75 + 90 - ((103 - (-5 + 6)) + -10)?
-77
What is the value of 9 - (14 + 16 + -12 + (0 - 6))?
-3
Evaluate (545 - 530) + (2 - (59 + 1 + -5)).
-38
What is (-10 - 109 - -24) + 57?
-38
What is 1 - 23 - (-4175 + 4155)?
-2
What is 13 - (22 + 72 + (2 + -3 - 12)) - 6?
-74
What is the value of 2 + (-11 - -2) - -2?
-5
Evaluate -76 + (34 - (41 + -19)).
-64
Calculate 304 + -398 + (-5 - -5 - -1).
-93
(8 - (8 - (8 + 1))) + -3 + 1 + -32
-25
Evaluate 29 - (17 + 33 - 16).
-5
Calculate 3543 + -3552 + (86 - -1).
78
What is 33 - (-46 + 31 + -7 - -59)?
-4
-57 + 117 + -72 + -16
-28
What is 70 + -22 - 39 - -13?
22
(-8 - -10) + -38 - 32 - 15
-83
What is 13 + 12 + 8 + -12 - (-1 - -1 - -11)?
10
Evaluate -30 + 6 - 32 - (4 + -14).
-46
What is 2 - 2 - 25 - (-38 + -27 + 69)?
-29
32 - (-27 + 86) - -12
-15
Calculate 2 + 2 + (70 + 88 - (13 - (-5 + -2))).
142
What is 0 + -90 - (93 + -95 + -35)?
-53
What is the value of 10 + -97 + 4 - (-340 + 338)?
-81
Evaluate 69 - (42 + -187 + 262).
-48
What is the value of -42 + (12 - -16) + -22?
-36
What is the value of -5 + (30 - (16 + 5 + -11 + 3))?
12
19 + (-35 - (-3 - -2)) + -21
-36
Calculate -4 - (8 + (37 - 32)) - (1 - 53).
35
What is (-4 - -62 - -4) + (0 - (-12 + -14 + 34))?
54
What is the value of (123 - 8 - 118) + (-1 - -18) + -108?
-94
Calculate (4 + 141 - 148) + -63.
-66
What is the value of -1 - -14 - (92 - (-61 - -217))?
77
Evaluate -33 - (-39 + 2) - 9.
-5
What is 0 - (10 + -1 + -2) - (24 - 26)?
-5
What is the value of -4 - -30 - 8 - (-16 - -11)?
23
Calculate 64 - (95 - (72 - 47)).
-6
What is the value of -2386 - -2245 - (-40 + 0)?
-101
Calculate -8 + 6 + (-17 + 21 - (5 - -2)) + -21.
-26
Calculate -55 - (-58 - (22 - 62)).
-37
What is the value of (75 + (-1 - -3 - 3) - -2) + 4858 + -4866?
68
Evaluate 12 - ((62 - 33) + 13).
-30
What is (-67 - -35 - (-3